 base 2, what is 11011 - -1010100000?
1010111011
In base 5, what is -334 - 4?
-343
In base 16, what is -3 + 38?
35
In base 13, what is -483 + -27?
-4aa
In base 15, what is -2c7 + 4?
-2c3
In base 4, what is -2 - 1110?
-1112
In base 3, what is -12 - 222111?
-222200
In base 2, what is -100 - -1001?
101
In base 7, what is 5015 + -2?
5013
In base 5, what is -144014 + 1?
-144013
In base 10, what is -168 + 0?
-168
In base 8, what is 61 - -3?
64
In base 2, what is -10 + -101110?
-110000
In base 16, what is -2 - 26?
-28
In base 16, what is -a31 - 2?
-a33
In base 14, what is -9ad - 4?
-9b3
In base 7, what is -1 - -104?
103
In base 13, what is 2 - 28?
-26
In base 11, what is 0 + 30?
30
In base 15, what is 8 + -3e0?
-3d7
In base 9, what is -21 + -6?
-27
In base 15, what is -1 - 435?
-436
In base 9, what is 127 + -13?
114
In base 13, what is -2a0 - -5?
-298
In base 11, what is 0 - 302?
-302
In base 16, what is 92 - 30?
62
In base 10, what is 5021 - -2?
5023
In base 11, what is 3 - 3a4?
-3a1
In base 4, what is -2323 + 202?
-2121
In base 16, what is -70 + 3d?
-33
In base 15, what is a8c + 4?
a91
In base 13, what is -60 + -32?
-92
In base 6, what is -21 + 2251?
2230
In base 12, what is -43 - 36?
-79
In base 10, what is -4 + -126?
-130
In base 3, what is -110120110 + -1?
-110120111
In base 14, what is -3 - 28?
-2b
In base 11, what is 3 + 98?
a0
In base 14, what is ab6 + -2?
ab4
In base 8, what is 4667 - 3?
4664
In base 9, what is -114 + 11?
-103
In base 10, what is 509 + -1?
508
In base 6, what is -523120 - -3?
-523113
In base 2, what is 11 - 10001011?
-10001000
In base 16, what is -3f1b + -5?
-3f20
In base 14, what is 0 + 33c?
33c
In base 12, what is 1 - 6?
-5
In base 9, what is 568 + 0?
568
In base 6, what is -110013 + -5?
-110022
In base 14, what is 4 + a2?
a6
In base 8, what is -17 + -21?
-40
In base 11, what is 1263 + 0?
1263
In base 16, what is -2c - -9d?
71
In base 14, what is 20 + 3?
23
In base 5, what is 14 + -112?
-43
In base 9, what is -4854 - -5?
-4848
In base 6, what is 5 - 1554?
-1545
In base 13, what is 1 + -50b?
-50a
In base 3, what is -12101222 - -11?
-12101211
In base 2, what is -10 + 1101011?
1101001
In base 13, what is 1a + 34?
51
In base 13, what is 3 + 40?
43
In base 4, what is -2301 + 12?
-2223
In base 4, what is 3013 + -101?
2312
In base 14, what is -d - cb?
-da
In base 6, what is -11022 + -3?
-11025
In base 2, what is -1010011 - -101?
-1001110
In base 10, what is -20 - 586?
-606
In base 12, what is 231 + -4?
229
In base 11, what is 0 - -43?
43
In base 14, what is -12 + -90?
-a2
In base 9, what is 451 - -4?
455
In base 12, what is -53 - -2?
-51
In base 16, what is -61 + f?
-52
In base 11, what is 9 - a0?
-92
In base 7, what is 26 - 103?
-44
In base 12, what is 2 - -77?
79
In base 2, what is 11001000 - -101011?
11110011
In base 4, what is -31 + 12?
-13
In base 12, what is -5 - -341?
338
In base 4, what is 120 - -1?
121
In base 6, what is -2412 - -5?
-2403
In base 8, what is 24 + 517?
543
In base 4, what is -1 - -1303221?
1303220
In base 9, what is -1 + 72?
71
In base 4, what is -32 + 12200?
12102
In base 10, what is -25 + 604?
579
In base 13, what is 4 + -11?
-a
In base 11, what is 701 + 4?
705
In base 16, what is 12 - 13e?
-12c
In base 6, what is 1315 + -2?
1313
In base 5, what is -103 - -3200?
3042
In base 4, what is -3 - 31?
-100
In base 8, what is 3 - 27?
-24
In base 16, what is -151 - 8?
-159
In base 11, what is -38 + -47?
-84
In base 8, what is 22003 + 1?
22004
In base 16, what is -5 + 33?
2e
In base 8, what is 64 - 17?
45
In base 9, what is 721 + -2?
718
In base 8, what is 63 + 11?
74
In base 15, what is 4 - 6a?
-66
In base 5, what is -4 - -30422?
30413
In base 5, what is -10 - -11?
1
In base 10, what is -2 + -13?
-15
In base 7, what is 156 - -211?
400
In base 11, what is -174 + -13?
-187
In base 6, what is 200 + 121?
321
In base 12, what is -222 + 7?
-217
In base 7, what is 155 + -2?
153
In base 11, what is -3 - 668?
-670
In base 3, what is -11 - -111?
100
In base 16, what is -1 + 28?
27
In base 7, what is 4434 - 1?
4433
In base 7, what is 11 + -1?
10
In base 14, what is -1 - 885?
-886
In base 14, what is -69 - 1c?
-87
In base 14, what is -4 - 74?
-78
In base 8, what is -4 - -55?
51
In base 8, what is -24 - 35?
-61
In base 16, what is 2 + 10?
12
In base 14, what is -4 - -304?
300
In base 7, what is 0 - 231?
-231
In base 4, what is 11 + -1210?
-1133
In base 13, what is 8 - 1?
7
In base 2, what is 10001 - 101?
1100
In base 15, what is 8 + 13?
1b
In base 13, what is -224 + -7?
-22b
In base 6, what is -50 + 1021?
531
In base 9, what is -5 + 75?
70
In base 9, what is -5 - 67?
-73
In base 11, what is 5 - 966?
-961
In base 15, what is 4 + 279?
27d
In base 9, what is 77 - -184?
272
In base 8, what is -3 - 40?
-43
In base 6, what is 31152 - -2?
31154
In base 6, what is 1 + -15334?
-15333
In base 11, what is 4 + -719?
-715
In base 3, what is -11 - -2210?
2122
In base 6, what is 3 - 403?
-400
In base 3, what is 0 + -2000201?
-2000201
In base 10, what is -1 + -537?
-538
In base 16, what is -106 - -5?
-101
In base 7, what is -33 - -6?
-24
In base 16, what is 4 + -12?
-e
In base 7, what is -11 + -4320?
-4331
In base 5, what is -2 + 134?
132
In base 5, what is -140 + 112?
-23
In base 6, what is -3 + 3514?
3511
In base 3, what is -12 - -10020222?
10020210
In base 3, what is 11 + -2002?
-1221
In base 5, what is -1010 - -14?
-441
In base 7, what is 5 + -466?
-461
In base 6, what is 233 - 5?
224
In base 4, what is -20 + -1131?
-1211
In base 13, what is -a - -5?
-5
In base 6, what is 40134 - -3?
40141
In base 9, what is 562 + 5?
567
In base 10, what is 5 + 85?
90
In base 2, what is 101 - -100001?
100110
In base 16, what is 97c + -5?
977
In base 3, what is 202211 + -12?
202122
In base 10, what is 108 - 1?
107
In base 6, what is -13 - -10101?
10044
In base 6, what is -2 - -10?
4
In base 12, what is 2 + 8?
a
In base 16, what is -35 + 3?
-32
In base 8, what is 27 - 102?
-53
In base 11, what is -381 + -2?
-383
In base 7, what is -42 + -5?
-50
In base 10, what is 192 - 0?
192
In base 8, what is 42 + -5?
35
In base 4, what is 1002 + 2?
1010
In base 2, what is -10111 + -111010111?
-111101110
In base 7, what is 1 - 56?
-55
In base 2, what is -11100001111 - 10?
-11100010001
In base 4, what is 10 + 2331?
3001
In base 2, what is 10 - 1011110?
-1011100
In base 13, what is -3 + 2c6?
2c3
In base 14, what is -3 + 1d?
1a
In base 14, what is 12 - -12?
24
In base 9, what is -1078 - -4?
-1074
In base 5, what is 4 - -2011?
2020
In base 14, what is c97 + 3?
c9a
In base 2, what is -1 + -11000101?
-11000110
In base 5, what is -10 + -11?
-21
In base 14, what is 1 + -50?
-4d
In base 2, what is 1000 + 1000111000?
1001000000
In base 15, what is -15 - c6?
-db
In base 11, what is 5 - 1376?
-1371
In base 7, what is 336 - 5?
331
In base 16, what is -2 + -24b?
-24d
In base 16, what is 2d6 - -3?
2d9
In base 3, what is 1022000 - -12?
1022012
In base 12, what is 600 + -2?
5ba
In base 7, what is 2 - -1024?
1026
In base 3, what is -112022 - 2?
-112101
In base 11, what is 18 - -13?
30
In base 12, what is 0 - 6a?
-6a
In base 9, what is 230 - 3?
226
In base 5, what is 34 + 133?
222
In base 6, what is 114 + -3?
111
In base 14, what is 681 + 4?
685
In base 13, what is -1 + -3108?
-3109
In base 15, what is -1 - -42?
41
In base 14, what is 1 - 29c?
-29b
In base 8, what is 0 - 1540?
-1540
In base 14, what is 1 - -a9?
aa
In base 14, what is 7b6 + 3?
7b9
In base 16, what is 4e3 - -1?
4e4
In base 6, what is -2 + 50?
44
In base 7, what is -124 + -6?
-133
In base 11, what is 3 + -556?
-553
In base 14, what is 9 + -2a?
-21
In base 14, what is -9d67 - -2?
-9d65
In base 8, what is -43 + 643?
600
In base 3, what is 2001 + -221?
1010
In base 5, what is -4041 - 2?
-4043
In base 14, what is 47 + 1c?
65
In base 5, what is 4 - -32?
41
In base 4, what is 33101 - -10?
33111
In base 9, what is 68 + -10?
58
In base 11, what is 27 + -5?
22
In base 7, what is -350 - -1?
-346
In base 6, what is 3155 - -3?
3202
In base 3, what is 0 + 110112?
110112
In base 8, what is -7 - -627?
620
In base 14, what is -599 + -3?
-59c
In base 6, what is 255151 + -1?
255150
In base 12, what is 1a + b6?
114
In base 10, what is 1670 - 1?
1669
In base 4, what is -2311 - -33?
-2212
In base 7, what is 21 + 55?
106
In base 7, what is -